{"id":46,"date":"2026-03-06T03:32:40","date_gmt":"2026-03-06T03:32:40","guid":{"rendered":"https:\/\/servisustarehberi.com.tr\/?page_id=46"},"modified":"2026-03-06T03:32:40","modified_gmt":"2026-03-06T03:32:40","slug":"servis-hizmetlerimiz","status":"publish","type":"page","link":"https:\/\/servisustarehberi.com.tr\/?page_id=46","title":{"rendered":"Servis Hizmetlerimiz"},"content":{"rendered":"\n<section class=\"marka-alani\">\n\n<h1>Beyaz E\u015fya ve Kombi Servis Markalar\u0131<\/h1>\n\n<p>\nBu sayfada yer alan marka isimleri kullan\u0131c\u0131lar\u0131n arad\u0131\u011f\u0131 teknik servis hizmetlerine\ndaha h\u0131zl\u0131 ula\u015fabilmesi amac\u0131yla bilgilendirme kapsam\u0131nda listelenmi\u015ftir.\nSitemiz herhangi bir markan\u0131n resmi servisi veya yetkili bayisi de\u011fildir.\nSunulan hizmetler \u00f6zel servis kapsam\u0131nda verilmektedir.\n<\/p>\n\n<div class=\"marka-grid\">\n\n<a href=\"\/arcelik-servisi\/\">Ar\u00e7elik Servisi<\/a>\n<a href=\"\/beko-servisi\/\">Beko Servisi<\/a>\n<a href=\"\/vestel-servisi\/\">Vestel Servisi<\/a>\n<a href=\"\/bosch-servisi\/\">Bosch Servisi<\/a>\n<a href=\"\/siemens-servisi\/\">Siemens Servisi<\/a>\n<a href=\"\/profilo-servisi\/\">Profilo Servisi<\/a>\n<a href=\"\/samsung-servisi\/\">Samsung Servisi<\/a>\n<a href=\"\/lg-servisi\/\">LG Servisi<\/a>\n<a href=\"\/regal-servisi\/\">Regal Servisi<\/a>\n<a href=\"\/altus-servisi\/\">Altus Servisi<\/a>\n<a href=\"\/electrolux-servisi\/\">Electrolux Servisi<\/a>\n<a href=\"\/aeg-servisi\/\">AEG Servisi<\/a>\n<a href=\"\/hotpoint-servisi\/\">Hotpoint Servisi<\/a>\n<a href=\"\/indesit-servisi\/\">Indesit Servisi<\/a>\n<a href=\"\/ariston-servisi\/\">Ariston Servisi<\/a>\n<a href=\"\/grundig-servisi\/\">Grundig Servisi<\/a>\n<a href=\"\/simfer-servisi\/\">Simfer Servisi<\/a>\n<a href=\"\/kumtel-servisi\/\">Kumtel Servisi<\/a>\n<a href=\"\/franke-servisi\/\">Franke Servisi<\/a>\n<a href=\"\/teka-servisi\/\">Teka Servisi<\/a>\n\n<a href=\"\/vaillant-servisi\/\">Vaillant Servisi<\/a>\n<a href=\"\/buderus-servisi\/\">Buderus Servisi<\/a>\n<a href=\"\/demirdokum-servisi\/\">Demird\u00f6k\u00fcm Servisi<\/a>\n<a href=\"\/baymak-servisi\/\">Baymak Servisi<\/a>\n<a href=\"\/eca-servisi\/\">ECA Servisi<\/a>\n<a href=\"\/viessmann-servisi\/\">Viessmann Servisi<\/a>\n<a href=\"\/ferroli-servisi\/\">Ferroli Servisi<\/a>\n<a href=\"\/protherm-servisi\/\">Protherm Servisi<\/a>\n<a href=\"\/immergas-servisi\/\">Immergas Servisi<\/a>\n<a href=\"\/airfel-servisi\/\">Airfel Servisi<\/a>\n<a href=\"\/warmhaus-servisi\/\">Warmhaus Servisi<\/a>\n<a href=\"\/alarko-servisi\/\">Alarko Servisi<\/a>\n<a href=\"\/wolf-servisi\/\">Wolf Servisi<\/a>\n\n<\/div>\n\n<h2>Marka Bilgilendirme<\/h2>\n\n<p>\nBu web sitesinde yer alan marka adlar\u0131 yaln\u0131zca kullan\u0131c\u0131lar\u0131n arad\u0131\u011f\u0131 \u00fcr\u00fcn ve\nservis kategorilerini daha kolay bulabilmesi amac\u0131yla kullan\u0131lmaktad\u0131r.\nSitemiz hi\u00e7bir markan\u0131n resmi servisi, yetkili servisi veya yetkili bayisi de\u011fildir.\nSunulan t\u00fcm hizmetler \u00f6zel servis kapsam\u0131nda sa\u011flanmaktad\u0131r.\n<\/p>\n\n<\/section>\n\n<style>\n\n.marka-alani{\nmax-width:1100px;\nmargin:auto;\npadding:40px 20px;\nfont-family:Arial;\n}\n\n.marka-grid{\ndisplay:grid;\ngrid-template-columns:repeat(auto-fit,minmax(220px,1fr));\ngap:10px;\nmargin-top:25px;\n}\n\n.marka-grid a{\nbackground:#f4f4f4;\npadding:12px;\nborder-radius:6px;\ntext-decoration:none;\ncolor:#000;\nfont-weight:500;\ntransition:0.2s;\n}\n\n.marka-grid a:hover{\nbackground:#ffd000;\n}\n\n<\/style>\n","protected":false},"excerpt":{"rendered":"<p>Beyaz E\u015fya ve Kombi Servis Markalar\u0131 Bu sayfada yer alan marka isimleri kullan\u0131c\u0131lar\u0131n arad\u0131\u011f\u0131 teknik servis hizmetlerine daha h\u0131zl\u0131 ula\u015fabilmesi [&hellip;]<\/p>\n","protected":false},"author":1,"featured_media":0,"parent":0,"menu_order":0,"comment_status":"closed","ping_status":"closed","template":"","meta":{"_uag_custom_page_level_css":"","site-sidebar-layout":"default","site-content-layout":"","ast-site-content-layout":"default","site-content-style":"default","site-sidebar-style":"default","ast-global-header-display":"","ast-banner-title-visibility":"","ast-main-header-display":"","ast-hfb-above-header-display":"","ast-hfb-below-header-display":"","ast-hfb-mobile-header-display":"","site-post-title":"","ast-breadcrumbs-content":"","ast-featured-img":"","footer-sml-layout":"","ast-disable-related-posts":"","theme-transparent-header-meta":"","adv-header-id-meta":"","stick-header-meta":"","header-above-stick-meta":"","header-main-stick-meta":"","header-below-stick-meta":"","astra-migrate-meta-layouts":"default","ast-page-background-enabled":"default","ast-page-background-meta":{"desktop":{"background-color":"var(--ast-global-color-5)","background-image":"","background-repeat":"repeat","background-position":"center center","background-size":"auto","background-attachment":"scroll","background-type":"","background-media":"","overlay-type":"","overlay-color":"","overlay-opacity":"","overlay-gradient":""},"tablet":{"background-color":"","background-image":"","background-repeat":"repeat","background-position":"center center","background-size":"auto","background-attachment":"scroll","background-type":"","background-media":"","overlay-type":"","overlay-color":"","overlay-opacity":"","overlay-gradient":""},"mobile":{"background-color":"","background-image":"","background-repeat":"repeat","background-position":"center center","background-size":"auto","background-attachment":"scroll","background-type":"","background-media":"","overlay-type":"","overlay-color":"","overlay-opacity":"","overlay-gradient":""}},"ast-content-background-meta":{"desktop":{"background-color":"var(--ast-global-color-4)","background-image":"","background-repeat":"repeat","background-position":"center center","background-size":"auto","background-attachment":"scroll","background-type":"","background-media":"","overlay-type":"","overlay-color":"","overlay-opacity":"","overlay-gradient":""},"tablet":{"background-color":"var(--ast-global-color-4)","background-image":"","background-repeat":"repeat","background-position":"center center","background-size":"auto","background-attachment":"scroll","background-type":"","background-media":"","overlay-type":"","overlay-color":"","overlay-opacity":"","overlay-gradient":""},"mobile":{"background-color":"var(--ast-global-color-4)","background-image":"","background-repeat":"repeat","background-position":"center center","background-size":"auto","background-attachment":"scroll","background-type":"","background-media":"","overlay-type":"","overlay-color":"","overlay-opacity":"","overlay-gradient":""}},"footnotes":""},"class_list":["post-46","page","type-page","status-publish","hentry"],"uagb_featured_image_src":{"full":false,"thumbnail":false,"medium":false,"medium_large":false,"large":false,"1536x1536":false,"2048x2048":false},"uagb_author_info":{"display_name":"admin","author_link":"https:\/\/servisustarehberi.com.tr\/?author=1"},"uagb_comment_info":0,"uagb_excerpt":"Beyaz E\u015fya ve Kombi Servis Markalar\u0131 Bu sayfada yer alan marka isimleri kullan\u0131c\u0131lar\u0131n arad\u0131\u011f\u0131 teknik servis hizmetlerine daha h\u0131zl\u0131 ula\u015fabilmesi [&hellip;]","_links":{"self":[{"href":"https:\/\/servisustarehberi.com.tr\/index.php?rest_route=\/wp\/v2\/pages\/46","targetHints":{"allow":["GET"]}}],"collection":[{"href":"https:\/\/servisustarehberi.com.tr\/index.php?rest_route=\/wp\/v2\/pages"}],"about":[{"href":"https:\/\/servisustarehberi.com.tr\/index.php?rest_route=\/wp\/v2\/types\/page"}],"author":[{"embeddable":true,"href":"https:\/\/servisustarehberi.com.tr\/index.php?rest_route=\/wp\/v2\/users\/1"}],"replies":[{"embeddable":true,"href":"https:\/\/servisustarehberi.com.tr\/index.php?rest_route=%2Fwp%2Fv2%2Fcomments&post=46"}],"version-history":[{"count":1,"href":"https:\/\/servisustarehberi.com.tr\/index.php?rest_route=\/wp\/v2\/pages\/46\/revisions"}],"predecessor-version":[{"id":48,"href":"https:\/\/servisustarehberi.com.tr\/index.php?rest_route=\/wp\/v2\/pages\/46\/revisions\/48"}],"wp:attachment":[{"href":"https:\/\/servisustarehberi.com.tr\/index.php?rest_route=%2Fwp%2Fv2%2Fmedia&parent=46"}],"curies":[{"name":"wp","href":"https:\/\/api.w.org\/{rel}","templated":true}]}}